inder when 23992372 is divided by 14.
12
Calculate the remainder when 1684617 is divided by 561407.
396
What is the remainder when 3253112 is divided by 832?
824
Calculate the remainder when 1182861 is divided by 777.
267
What is the remainder when 29326242 is divided by 2953?
2952
Calculate the remainder when 722408 is divided by 60157.
524
Calculate the remainder when 3530008 is divided by 2989.
2988
Calculate the remainder when 1455923 is divided by 18908.
7
Calculate the remainder when 2714069 is divided by 23197.
20
What is the remainder when 23179 is divided by 19911?
3268
What is the remainder when 233607 is divided by 57?
21
What is the remainder when 1062342 is divided by 40859?
8
What is the remainder when 11941 is divided by 3119?
2584
What is the remainder when 305741 is divided by 239?
60
What is the remainder when 720892 is divided by 515?
407
What is the remainder when 220522 is divided by 220466?
56
What is the remainder when 608380 is divided by 1049?
1009
What is the remainder when 14075 is divided by 4244?
1343
Calculate the remainder when 8707462 is divided by 521.
510
What is the remainder when 58821 is divided by 1487?
828
What is the remainder when 1831724 is divided by 3642?
3440
What is the remainder when 12246 is divided by 106?
56
What is the remainder when 2075317 is divided by 538?
251
Calculate the remainder when 9273046 is divided by 3090977.
115
Calculate the remainder when 184898 is divided by 36950.
148
What is the remainder when 21042219 is divided by 20?
19
Calculate the remainder when 27674351 is divided by 85.
51
Calculate the remainder when 4214537 is divided by 22.
19
Calculate the remainder when 380135 is divided by 1311.
1256
What is the remainder when 1377214 is divided by 5158?
28
What is the remainder when 922084 is divided by 11?
9
What is the remainder when 327488 is divided by 1949?
56
Calculate the remainder when 48096036 is divided by 44.
32
What is the remainder when 379812 is divided by 160?
132
Calculate the remainder when 16373469 is divided by 93031.
13
What is the remainder when 67671227 is divided by 10?
7
What is the remainder when 130648 is divided by 24?
16
Calculate the remainder when 6120931 is divided by 123.
82
Calculate the remainder when 179184 is divided by 43.
3
What is the remainder when 8536243 is divided by 323?
322
Calculate the remainder when 1628154 is divided by 1844.
1746
What is the remainder when 568 is divided by 59?
37
Calculate the remainder when 468093 is divided by 5847.
333
What is the remainder when 9210714 is divided by 493?
488
Calculate the remainder when 119683 is divided by 32.
3
What is the remainder when 507567 is divided by 1128?
1095
Calculate the remainder when 11328934 is divided by 49.
36
Calculate the remainder when 344182 is divided by 1634.
1042
Calculate the remainder when 50486950 is divided by 2014.
2012
Calculate the remainder when 1817350 is divided by 644.
626
Calculate the remainder when 97766 is divided by 1871.
474
What is the remainder when 209344 is divided by 1676?
1520
What is the remainder when 6154050 is divided by 212207?
47
Calculate the remainder when 65398 is divided by 15651.
2794
Calculate the remainder when 83768090 is divided by 437.
434
Calculate the remainder when 6628017 is divided by 57.
0
What is the remainder when 3170 is divided by 716?
306
What is the remainder when 1136692 is divided by 119?
4
What is the remainder when 4114113 is divided by 228560?
33
Calculate the remainder when 242474 is divided by 506.
100
What is the remainder when 40236013 is divided by 15?
13
Calculate the remainder when 46808 is divided by 11143.
2236
What is the remainder when 92990349 is divided by 52?
49
Calculate the remainder when 78892787 is divided by 8642.
8611
Calculate the remainder when 497336 is divided by 239.
216
Calculate the remainder when 34429814 is divided by 792.
782
Calculate the remainder when 493018 is divided by 246509.
0
What is the remainder when 30649119 is divided by 4378444?
11
What is the remainder when 124689 is divided by 123907?
782
What is the remainder when 11151183 is divided by 31?
18
Calculate the remainder when 15766256 is divided by 10689.
10670
Calculate the remainder when 61326 is divided by 19322.
3360
What is the remainder when 110514 is divided by 507?
495
What is the remainder when 258774656 is divided by 54103?
7
What is the remainder when 551061814 is divided by 24?
22
What is the remainder when 369773 is divided by 898?
695
Calculate the remainder when 1113571 is divided by 190.
171
What is the remainder when 76354 is divided by 12700?
154
What is the remainder when 445531577 is divided by 884?
881
Calculate the remainder when 2085400 is divided by 209.
207
Calculate the remainder when 272109 is divided by 136040.
29
Calculate the remainder when 15595267 is divided by 792.
787
What is the remainder when 389620904 is divided by 239?
236
What is the remainder when 68066 is divided by 686?
152
Calculate the remainder when 22516 is divided by 924.
340
What is the remainder when 112016542 is divided by 837?
832
Calculate the remainder when 307057 is divided by 204.
37
What is the remainder when 697587 is divided by 1266?
21
What is the remainder when 300427425 is divided by 141?
135
Calculate the remainder when 1724910 is divided by 14.
12
Calculate the remainder when 362310 is divided by 1209.
819
What is the remainder when 4185 is divided by 2776?
1409
What is the remainder when 148172 is divided by 49347?
131
Calculate the remainder when 112043887 is divided by 3514.
3511
What is the remainder when 37617922 is divided by 4205?
4197
What is the remainder when 229618 is divided by 184?
170
What is the remainder when 6421221 is divided by 30?
21
Calculate the remainder when 833195 is divided by 208298.
3
What is the remainder when 1229266 is divided by 14?
10
Calculate the remainder when 119627 is divided by 16959.
914
Calculate the remainder when 11253281 is divided by 379.
13
Calculate the remainder when 498799 is divided by 498765.
34
Calculate the remainder when 321805 is divided by 2694.
1219
Calculate the remainder when 3615654 is divided by 328695.
9
Calculate the remainder when 339961603 is divided by 76.
75
What is the remainder when 95899 is divided by 41?
0
What is the remainder when 11919322 is divided by 70?
2
What is the remainder when 1186814 is divided by 19?
17
Calculate the remainder when 16898 is divided by 3332.
238
Calculate the remainder when 8038147 is divided by 2679254.
385
Calculate the remainder when 207249 is divided by 562.
433
Calculate the remainder when 91220 is divided by 1049.
1006
What is the remainder when 16565301 is divided by 162?
153
Calculate the remainder when 17009348 is divided by 5669782.
2
Calculate the remainder when 5255286 is divided by 114240.
246
What is the remainder when 7461 is divided by 1727?
553
What is the remainder when 5296 is divided by 114?
52
What is the remainder when 4856134 is divided by 252?
94
Calculate the remainder when 231358 is divided by 115278.
802
What is the remainder when 624059 is divided by 3120?
59
Calculate the remainder when 1359349 is divided by 521.
60
Calculate the remainder when 1212309 is divided by 1984.
85
What is the remainder when 153188920 is divided by 161?
157
Calculate the remainder when 106606 is divided by 35497.
115
What is the remainder when 1158245 is divided by 386078?
11
Calculate the remainder when 5748286 is divided by 2352.
2350
What is the remainder when 120777569 is divided by 120777568?
1
Calculate the remainder when 5876245 is divided by 926.
775
Calculate the remainder when 6855 is divided by 423.
87
Calculate the remainder when 64530 is divided by 4757.
2689
What is the remainder when 1865517 is divided by 2050?
17
Calculate the remainder when 15569232 is divided by 39921.
42
What is the remainder when 104157714 is divided by 43727?
0
Calculate the remainder when 219554866 is divided by 73184953.
7
What is the remainder when 1242135 is divided by 620988?
159
What is the remainder when 927259 is divided by 8831?
4
What is the remainder when 19549 is divided by 97?
52
What is the remainder when 55413 is divided by 2917?
2907
What is the remainder when 48594 is divided by 9632?
434
Cal